{"id":2034,"date":"2024-05-29T14:37:08","date_gmt":"2024-05-29T17:37:08","guid":{"rendered":"https:\/\/divemore.com.br\/?page_id=2034"},"modified":"2024-05-29T14:37:10","modified_gmt":"2024-05-29T17:37:10","slug":"advanced-adventures","status":"publish","type":"page","link":"https:\/\/divemore.com.br\/?page_id=2034","title":{"rendered":"Advanced Adventures"},"content":{"rendered":"\n<p class=\"has-text-align-left\">Se n\u00e3o consegue decidir quais s\u00e3o os programas de especialidade que s\u00e3o a melhor escolha para si, inscreva-se no programa de Advanced Adventurer da SSI! Com este programa pode tentar uma variedade de especialidades antes de se comprometer com os programas de especialidades completos.<\/p>\n\n\n\n<p class=\"has-text-align-left\"> Esta \u00e9 a melhor forma de experimentar o que \u00e9 a forma\u00e7\u00e3o avan\u00e7ada de mergulho e como ela pode ser valiosa para as suas aventuras de mergulho. Durante o Programa de Advanced Adventurer ir\u00e1 experimentar 5 especialidades diferentes.<\/p>\n\n\n\n<p class=\"has-text-align-left\"> Completar\u00e1 um mergulho de forma\u00e7\u00e3o em \u00e1guas abertas por especialidade ap\u00f3s uma reuni\u00e3o abrangente com seu Instrutor SSI. Com este programa experimental em mergulho especializado, ter\u00e1 total liberdade para explorar. Voc\u00ea pode concluir os programas de especialidade completos a qualquer momento no futuro e creditar-lhes a sua forma\u00e7\u00e3o do programa de Advanced Adventurer.<\/p>\n\n\n\n<p><strong>Pr\u00e9-requisitos<\/strong><\/p>\n\n\n\n<p>Ter pelo menos 10 anos de idade;<\/p>\n\n\n\n<p>Open Water Diver SSI ou equivalente.<\/p>\n\n\n\n<p><strong>Estrutura do Curso<\/strong><\/p>\n\n\n\n<p>Auto estudo em plataforma digital;<\/p>\n\n\n\n<p>Aulas te\u00f3ricas;<\/p>\n\n\n\n<p>4 mergulhos embarcados no mar.<\/p>\n\n\n\n<p><strong>Incluso<\/strong><\/p>\n\n\n\n<p>Material did\u00e1tico completo, Tabelas\u00a0 e Loog Book\u00a0 digital;<\/p>\n\n\n\n<p>Aulas te\u00f3ricas;<\/p>\n\n\n\n<p>4 mergulhos\u00a0 embarcados;<\/p>\n\n\n\n<p>Todo o equipamento\u00a0 necess\u00e1rio;<\/p>\n\n\n\n<p>Certificado Internacional.<\/p>\n\n\n\n<p><strong>Entre em contato para mais informa\u00e7\u00f5es.<\/strong><\/p>\n\n\n\n<p><strong>alessandro@divemore.com.br<\/strong><\/p>\n\n\n\n<p><strong>(48) 99102 8084<\/strong><\/p>\n","protected":false},"excerpt":{"rendered":"<p>Se n\u00e3o consegue decidir quais s\u00e3o os programas de especialidade que s\u00e3o a melhor escolha para si, inscreva-se no programa de Advanced Adventurer da SSI! Com este programa pode tentar<\/p>\n","protected":false},"author":1,"featured_media":0,"parent":0,"menu_order":0,"comment_status":"closed","ping_status":"closed","template":"","meta":{"footnotes":""},"class_list":{"1":"page","2":"type-page","3":"status-publish","4":"hentry"},"jetpack_sharing_enabled":true,"_links":{"self":[{"href":"https:\/\/divemore.com.br\/index.php?rest_route=\/wp\/v2\/pages\/2034","targetHints":{"allow":["GET"]}}],"collection":[{"href":"https:\/\/divemore.com.br\/index.php?rest_route=\/wp\/v2\/pages"}],"about":[{"href":"https:\/\/divemore.com.br\/index.php?rest_route=\/wp\/v2\/types\/page"}],"author":[{"embeddable":true,"href":"https:\/\/divemore.com.br\/index.php?rest_route=\/wp\/v2\/users\/1"}],"replies":[{"embeddable":true,"href":"https:\/\/divemore.com.br\/index.php?rest_route=%2Fwp%2Fv2%2Fcomments&post=2034"}],"version-history":[{"count":1,"href":"https:\/\/divemore.com.br\/index.php?rest_route=\/wp\/v2\/pages\/2034\/revisions"}],"predecessor-version":[{"id":2035,"href":"https:\/\/divemore.com.br\/index.php?rest_route=\/wp\/v2\/pages\/2034\/revisions\/2035"}],"wp:attachment":[{"href":"https:\/\/divemore.com.br\/index.php?rest_route=%2Fwp%2Fv2%2Fmedia&parent=2034"}],"curies":[{"name":"wp","href":"https:\/\/api.w.org\/{rel}","templated":true}]}}