{"id":1980,"date":"2024-05-13T17:50:15","date_gmt":"2024-05-13T20:50:15","guid":{"rendered":"https:\/\/divemore.com.br\/?page_id=1980"},"modified":"2024-05-14T17:02:05","modified_gmt":"2024-05-14T20:02:05","slug":"pesca-embarcada","status":"publish","type":"page","link":"https:\/\/divemore.com.br\/?page_id=1980","title":{"rendered":"PESCA EMBARCADA"},"content":{"rendered":"\n<p>Trabalhamos apenas com embarca\u00e7\u00f5es que atendem todas as normas de seguran\u00e7a  e est\u00e3o em perfeito estado de manuten\u00e7\u00e3o. Seus respectivos marinheiros s\u00e3o profissionais devidamente habilitados e com experi\u00eancia comprovada.<\/p>\n\n\n\n<p>Embarca\u00e7\u00f5es dispon\u00edveis para passeios e pesca, diversos roteiros e possibilidades. Entre em contato conosco que teremos satisfa\u00e7\u00e3o em atender suas necessidades, superando suas expectativas.<\/p>\n\n\n\n<p>Veja abaixo algumas das embarca\u00e7\u00f5es  dispon\u00edveis.<\/p>\n\n\n<div class=\"wp-block-image\">\n<figure class=\"aligncenter size-large\"><img fetchpriority=\"high\" decoding=\"async\" width=\"785\" height=\"1024\" src=\"http:\/\/divemore.com.br\/wp-content\/uploads\/2024\/05\/bombordo-ajustada-785x1024.jpeg\" alt=\"\" class=\"wp-image-2006\" srcset=\"https:\/\/divemore.com.br\/wp-content\/uploads\/2024\/05\/bombordo-ajustada-785x1024.jpeg 785w, https:\/\/divemore.com.br\/wp-content\/uploads\/2024\/05\/bombordo-ajustada-230x300.jpeg 230w, https:\/\/divemore.com.br\/wp-content\/uploads\/2024\/05\/bombordo-ajustada-768x1002.jpeg 768w, https:\/\/divemore.com.br\/wp-content\/uploads\/2024\/05\/bombordo-ajustada-600x783.jpeg 600w, https:\/\/divemore.com.br\/wp-content\/uploads\/2024\/05\/bombordo-ajustada.jpeg 897w\" sizes=\"(max-width: 785px) 100vw, 785px\" \/><\/figure><\/div>\n\n\n<div class=\"wp-block-buttons is-content-justification-center is-layout-flex wp-container-core-buttons-is-layout-16018d1d wp-block-buttons-is-layout-flex\">\n<div class=\"wp-block-button is-style-fill\"><a class=\"wp-block-button__link wp-element-button\" href=\"https:\/\/divemore.com.br\/?page_id=2014\" target=\"_blank\" rel=\"noreferrer noopener\">VER MAIS<\/a><\/div>\n<\/div>\n","protected":false},"excerpt":{"rendered":"<p>Trabalhamos apenas com embarca\u00e7\u00f5es que atendem todas as normas de seguran\u00e7a e est\u00e3o em perfeito estado de manuten\u00e7\u00e3o. Seus respectivos marinheiros s\u00e3o profissionais devidamente habilitados e com experi\u00eancia comprovada. Embarca\u00e7\u00f5es<\/p>\n","protected":false},"author":1,"featured_media":0,"parent":0,"menu_order":0,"comment_status":"closed","ping_status":"closed","template":"","meta":{"footnotes":""},"class_list":{"1":"page","2":"type-page","3":"status-publish","4":"hentry"},"jetpack_sharing_enabled":true,"_links":{"self":[{"href":"https:\/\/divemore.com.br\/index.php?rest_route=\/wp\/v2\/pages\/1980","targetHints":{"allow":["GET"]}}],"collection":[{"href":"https:\/\/divemore.com.br\/index.php?rest_route=\/wp\/v2\/pages"}],"about":[{"href":"https:\/\/divemore.com.br\/index.php?rest_route=\/wp\/v2\/types\/page"}],"author":[{"embeddable":true,"href":"https:\/\/divemore.com.br\/index.php?rest_route=\/wp\/v2\/users\/1"}],"replies":[{"embeddable":true,"href":"https:\/\/divemore.com.br\/index.php?rest_route=%2Fwp%2Fv2%2Fcomments&post=1980"}],"version-history":[{"count":4,"href":"https:\/\/divemore.com.br\/index.php?rest_route=\/wp\/v2\/pages\/1980\/revisions"}],"predecessor-version":[{"id":2023,"href":"https:\/\/divemore.com.br\/index.php?rest_route=\/wp\/v2\/pages\/1980\/revisions\/2023"}],"wp:attachment":[{"href":"https:\/\/divemore.com.br\/index.php?rest_route=%2Fwp%2Fv2%2Fmedia&parent=1980"}],"curies":[{"name":"wp","href":"https:\/\/api.w.org\/{rel}","templated":true}]}}