{"id":1972,"date":"2024-05-13T15:10:41","date_gmt":"2024-05-13T18:10:41","guid":{"rendered":"https:\/\/divemore.com.br\/?page_id=1972"},"modified":"2024-07-05T13:50:39","modified_gmt":"2024-07-05T16:50:39","slug":"passeios-de-barco","status":"publish","type":"page","link":"https:\/\/divemore.com.br\/?page_id=1972","title":{"rendered":"PASSEIOS DE BARCO"},"content":{"rendered":"\n<p>Trabalhamos apenas com embarca\u00e7\u00f5es que atendem todas as normas de seguran\u00e7a e est\u00e3o em perfeito estado de manuten\u00e7\u00e3o. Seus respectivos marinheiros s\u00e3o profissionais devidamente habilitados e com experi\u00eancia comprovada.<\/p>\n\n\n\n<p>Barcos dispon\u00edveis para passeios e pesca, diversos roteiros e possibilidades. Entre em contato conosco que teremos satisfa\u00e7\u00e3o em atender suas necessidades, superando suas expectativas.<\/p>\n\n\n\n<p>Veja abaixo algumas das embarca\u00e7\u00f5es  dispon\u00edveis.<\/p>\n\n\n\n<figure class=\"wp-block-image size-large\"><img fetchpriority=\"high\" decoding=\"async\" width=\"785\" height=\"1024\" src=\"http:\/\/divemore.com.br\/wp-content\/uploads\/2024\/05\/bombordo-ajustada-785x1024.jpeg\" alt=\"\" class=\"wp-image-2006\" srcset=\"https:\/\/divemore.com.br\/wp-content\/uploads\/2024\/05\/bombordo-ajustada-785x1024.jpeg 785w, https:\/\/divemore.com.br\/wp-content\/uploads\/2024\/05\/bombordo-ajustada-230x300.jpeg 230w, https:\/\/divemore.com.br\/wp-content\/uploads\/2024\/05\/bombordo-ajustada-768x1002.jpeg 768w, https:\/\/divemore.com.br\/wp-content\/uploads\/2024\/05\/bombordo-ajustada-600x783.jpeg 600w, https:\/\/divemore.com.br\/wp-content\/uploads\/2024\/05\/bombordo-ajustada.jpeg 897w\" sizes=\"(max-width: 785px) 100vw, 785px\" \/><\/figure>\n\n\n\n<div class=\"wp-block-buttons is-content-justification-center is-layout-flex wp-container-core-buttons-is-layout-16018d1d wp-block-buttons-is-layout-flex\">\n<div class=\"wp-block-button is-style-fill\"><a class=\"wp-block-button__link wp-element-button\" href=\"https:\/\/divemore.com.br\/?page_id=2014\" target=\"_blank\" rel=\"noreferrer noopener\">VER MAIS<\/a><\/div>\n<\/div>\n\n\n\n<figure class=\"wp-block-image size-large is-resized\"><img decoding=\"async\" width=\"966\" height=\"1024\" src=\"https:\/\/divemore.com.br\/wp-content\/uploads\/2024\/07\/PSX_20240705_132053-966x1024.jpg\" alt=\"\" class=\"wp-image-2089\" style=\"width:794px;height:auto\" srcset=\"https:\/\/divemore.com.br\/wp-content\/uploads\/2024\/07\/PSX_20240705_132053-966x1024.jpg 966w, https:\/\/divemore.com.br\/wp-content\/uploads\/2024\/07\/PSX_20240705_132053-283x300.jpg 283w, https:\/\/divemore.com.br\/wp-content\/uploads\/2024\/07\/PSX_20240705_132053-768x814.jpg 768w, https:\/\/divemore.com.br\/wp-content\/uploads\/2024\/07\/PSX_20240705_132053-1449x1536.jpg 1449w, https:\/\/divemore.com.br\/wp-content\/uploads\/2024\/07\/PSX_20240705_132053-1931x2048.jpg 1931w, https:\/\/divemore.com.br\/wp-content\/uploads\/2024\/07\/PSX_20240705_132053-600x636.jpg 600w\" sizes=\"(max-width: 966px) 100vw, 966px\" \/><\/figure>\n\n\n\n<div class=\"wp-block-buttons is-content-justification-center is-layout-flex wp-container-core-buttons-is-layout-16018d1d wp-block-buttons-is-layout-flex\">\n<div class=\"wp-block-button is-style-fill\"><a class=\"wp-block-button__link has-text-align-center wp-element-button\" href=\"http:\/\/divemore.com.br\/?page_id=2094\">VER MAIS<\/a><\/div>\n<\/div>\n","protected":false},"excerpt":{"rendered":"<p>Trabalhamos apenas com embarca\u00e7\u00f5es que atendem todas as normas de seguran\u00e7a e est\u00e3o em perfeito estado de manuten\u00e7\u00e3o. Seus respectivos marinheiros s\u00e3o profissionais devidamente habilitados e com experi\u00eancia comprovada. Barcos<\/p>\n","protected":false},"author":1,"featured_media":0,"parent":0,"menu_order":0,"comment_status":"closed","ping_status":"closed","template":"","meta":{"footnotes":""},"class_list":{"1":"page","2":"type-page","3":"status-publish","4":"hentry"},"jetpack_sharing_enabled":true,"_links":{"self":[{"href":"https:\/\/divemore.com.br\/index.php?rest_route=\/wp\/v2\/pages\/1972","targetHints":{"allow":["GET"]}}],"collection":[{"href":"https:\/\/divemore.com.br\/index.php?rest_route=\/wp\/v2\/pages"}],"about":[{"href":"https:\/\/divemore.com.br\/index.php?rest_route=\/wp\/v2\/types\/page"}],"author":[{"embeddable":true,"href":"https:\/\/divemore.com.br\/index.php?rest_route=\/wp\/v2\/users\/1"}],"replies":[{"embeddable":true,"href":"https:\/\/divemore.com.br\/index.php?rest_route=%2Fwp%2Fv2%2Fcomments&post=1972"}],"version-history":[{"count":7,"href":"https:\/\/divemore.com.br\/index.php?rest_route=\/wp\/v2\/pages\/1972\/revisions"}],"predecessor-version":[{"id":2106,"href":"https:\/\/divemore.com.br\/index.php?rest_route=\/wp\/v2\/pages\/1972\/revisions\/2106"}],"wp:attachment":[{"href":"https:\/\/divemore.com.br\/index.php?rest_route=%2Fwp%2Fv2%2Fmedia&parent=1972"}],"curies":[{"name":"wp","href":"https:\/\/api.w.org\/{rel}","templated":true}]}}